{"id":10,"date":"2013-05-15T14:45:39","date_gmt":"2013-05-15T12:45:39","guid":{"rendered":"http:\/\/www.fortensia.screem.net\/?page_id=10"},"modified":"2022-04-26T19:56:49","modified_gmt":"2022-04-26T17:56:49","slug":"kontakt","status":"publish","type":"page","link":"https:\/\/www.fortensia.se\/?page_id=10","title":{"rendered":"KONTAKT"},"content":{"rendered":"<p><strong>Bes\u00f6ksadress: <\/strong>FRUVIKS G\u00c5RDS V\u00c4G 19<br \/>\n13934 V\u00e4rmd\u00f6<br \/>\nStockholms l\u00e4n<\/p>\n<p><strong>Email: <\/strong>info@fortensia.se<br \/>\n<strong>Tel: <\/strong>08-24 11 50<\/p>\n","protected":false},"excerpt":{"rendered":"<p>Bes\u00f6ksadress: FRUVIKS G\u00c5RDS V\u00c4G 19 13934 V\u00e4rmd\u00f6 Stockholms l\u00e4n Email: info@fortensia.se Tel: 08-24 11 50<\/p>\n","protected":false},"author":1,"featured_media":0,"parent":0,"menu_order":0,"comment_status":"open","ping_status":"open","template":"contact-template.php","meta":[],"_links":{"self":[{"href":"https:\/\/www.fortensia.se\/index.php?rest_route=\/wp\/v2\/pages\/10"}],"collection":[{"href":"https:\/\/www.fortensia.se\/index.php?rest_route=\/wp\/v2\/pages"}],"about":[{"href":"https:\/\/www.fortensia.se\/index.php?rest_route=\/wp\/v2\/types\/page"}],"author":[{"embeddable":true,"href":"https:\/\/www.fortensia.se\/index.php?rest_route=\/wp\/v2\/users\/1"}],"replies":[{"embeddable":true,"href":"https:\/\/www.fortensia.se\/index.php?rest_route=%2Fwp%2Fv2%2Fcomments&post=10"}],"version-history":[{"count":10,"href":"https:\/\/www.fortensia.se\/index.php?rest_route=\/wp\/v2\/pages\/10\/revisions"}],"predecessor-version":[{"id":163,"href":"https:\/\/www.fortensia.se\/index.php?rest_route=\/wp\/v2\/pages\/10\/revisions\/163"}],"wp:attachment":[{"href":"https:\/\/www.fortensia.se\/index.php?rest_route=%2Fwp%2Fv2%2Fmedia&parent=10"}],"curies":[{"name":"wp","href":"https:\/\/api.w.org\/{rel}","templated":true}]}}