{"id":8,"date":"2013-05-15T14:45:24","date_gmt":"2013-05-15T12:45:24","guid":{"rendered":"http:\/\/www.fortensia.screem.net\/?page_id=8"},"modified":"2022-05-17T08:57:24","modified_gmt":"2022-05-17T06:57:24","slug":"kvalitet","status":"publish","type":"page","link":"https:\/\/www.fortensia.se\/?page_id=8","title":{"rendered":"KVALITET"},"content":{"rendered":"<p><strong>Kvalitet f\u00f6r fortensia \u00e4r:<\/strong><br \/>\n\u2022 Erfarenhet att v\u00e4lja ut r\u00e4tt konsult f\u00f6r r\u00e4tt uppdrag<br \/>\n\u2022 Uppf\u00f6ljning av uppdrag<br \/>\n\u2022 Intervju av konsult<br \/>\n\u2022 Kompetens, Erfarenhet och Personlighet<\/p>\n<p>V\u00e5r vision \u00e4r att skapa ett n\u00e4tverk av erfarna-, kompetenta- och sociala konsulter d\u00e4r Fortensia kan ha en central plats att k\u00e4nna tillh\u00f6righet till.<\/p>\n<p>Vi tror att erfarenhet \u00e4r en viktig del likv\u00e4l som den sociala beg\u00e5vningen. Att kunna skapa en trevlig atmosf\u00e4r omkring sig och f\u00f6rst\u00e5 vad kunden beh\u00f6ver. Det \u00e4r inte alltid l\u00e4tt eftersom det riktiga behovet kanske inte uttrycks i klartext.<\/p>\n<p>Fortensia har regelbundna tr\u00e4ffar med sina konsulter och f\u00f6ljer upp uppdrag, nya uppdragsm\u00f6jligheter, trivsel mm. Vi samordnar gemensamma konsulttr\u00e4ffar i n\u00e4tverket f\u00f6r att ha trevligt och byta erfarenheter.<\/p>\n<p><strong>Fortensia arbetar utifr\u00e5n f\u00f6ljande process vid f\u00f6rmedling av konsultuppdrag fr\u00e5n kundbehov till avlutad uppdrag.<\/strong><\/p>\n<p><strong>1. Planering<\/strong><br \/>\nVi analyserar kundbehov och tar fram en uppdragsbeskrivning tillsammans med kunden som beskriver uppdragets omfattning, efterfr\u00e5gad kompetens, eventuella m\u00e4tpunkter och m\u00e5l f\u00f6r kompetens\u00f6verf\u00f6ring.<\/p>\n<p><strong>2. Offert<\/strong><br \/>\nS\u00f6kning g\u00f6rs av l\u00e4mplig konsult i Fortensias leveransn\u00e4tverk. F\u00f6rslag p\u00e5 konsultprofil presenteras f\u00f6r kund. Om kunden accepterar konsulten skrivs avtal mellan Fortensia och kunden samt mellan Fortensia och konsulten.<\/p>\n<p><strong>3. Genomf\u00f6rande<\/strong><br \/>\nFortensia g\u00e5r igenom uppdragsbeskrivning med aktuell konsult. Fortensia f\u00f6ljer l\u00f6pande upp att konsulten genomf\u00f6r uppdraget p\u00e5 ett korrekt s\u00e4tt, enligt uppdragsbeskrivningen. Hur ofta denna uppf\u00f6ljning g\u00f6rs beror p\u00e5 uppdragsl\u00e4ngd.<\/p>\n<p><strong>4 Uppf\u00f6ljning<\/strong><br \/>\nEfter genomf\u00f6rt uppdrag g\u00e5r Fortensia tillsammans med best\u00e4llaren igenom ett enkelt fr\u00e5geformul\u00e4r, d\u00e4r man bed\u00f6mer hur konsulten genomf\u00f6rt uppdraget, speciellt med tanke p\u00e5 ev. m\u00e4tpunkter eller kompetens\u00f6verf\u00f6ring.<\/p>\n<p>Utv\u00e4rdering presenteras f\u00f6r konsulten.<\/p>\n","protected":false},"excerpt":{"rendered":"<p>Kvalitet f\u00f6r fortensia \u00e4r: \u2022 Erfarenhet att v\u00e4lja ut r\u00e4tt konsult f\u00f6r r\u00e4tt uppdrag \u2022 Uppf\u00f6ljning av uppdrag \u2022 Intervju av konsult \u2022 Kompetens, Erfarenhet och Personlighet V\u00e5r vision \u00e4r att skapa ett n\u00e4tverk av erfarna-, kompetenta- och sociala konsulter d\u00e4r Fortensia kan ha en central plats att k\u00e4nna tillh\u00f6righet till. Vi tror att erfarenhet [&hellip;]<\/p>\n","protected":false},"author":1,"featured_media":170,"parent":0,"menu_order":0,"comment_status":"open","ping_status":"open","template":"","meta":[],"_links":{"self":[{"href":"https:\/\/www.fortensia.se\/index.php?rest_route=\/wp\/v2\/pages\/8"}],"collection":[{"href":"https:\/\/www.fortensia.se\/index.php?rest_route=\/wp\/v2\/pages"}],"about":[{"href":"https:\/\/www.fortensia.se\/index.php?rest_route=\/wp\/v2\/types\/page"}],"author":[{"embeddable":true,"href":"https:\/\/www.fortensia.se\/index.php?rest_route=\/wp\/v2\/users\/1"}],"replies":[{"embeddable":true,"href":"https:\/\/www.fortensia.se\/index.php?rest_route=%2Fwp%2Fv2%2Fcomments&post=8"}],"version-history":[{"count":10,"href":"https:\/\/www.fortensia.se\/index.php?rest_route=\/wp\/v2\/pages\/8\/revisions"}],"predecessor-version":[{"id":171,"href":"https:\/\/www.fortensia.se\/index.php?rest_route=\/wp\/v2\/pages\/8\/revisions\/171"}],"wp:featuredmedia":[{"embeddable":true,"href":"https:\/\/www.fortensia.se\/index.php?rest_route=\/wp\/v2\/media\/170"}],"wp:attachment":[{"href":"https:\/\/www.fortensia.se\/index.php?rest_route=%2Fwp%2Fv2%2Fmedia&parent=8"}],"curies":[{"name":"wp","href":"https:\/\/api.w.org\/{rel}","templated":true}]}}